uppose -4*t = t - 55. Suppose 2*c + 5*f - 3*f + 2 = 0, -5*f - t = 2*c. Suppose -7*i + 19 = -2*i + s, c*i - 4*s + 10 = 0. List the prime factors of i.
3
Let g(r) = 5*r**2 + 2*r - 1. Let x be g(-1). Suppose -k + 0*t + x*t + 24 = 0, 2*t = -2*k + 42. List the prime factors of k.
2, 11
Let k(q) = -q**2 + q + 588. What are the prime factors of k(0)?
2, 3, 7
Suppose 20 = 4*d + 4*k, 0*k + 9 = 3*k. Suppose -4*b + 3*r + 24 = 0, 0 = -4*b + d*r - 5*r + 48. List the prime factors of b.
3
Let c(x) = -4*x**2 + 2*x**2 + 59 + x**2 - 23*x - 13. What are the prime factors of c(-24)?
2, 11
Suppose 4*g - 2959 = -623. List the prime factors of g.
2, 73
Suppose 5*g = -12*k + 13*k - 1338, g = 4*k - 5409. What are the prime factors of k?
3, 11, 41
Let g(q) be the third derivative of 0 + 1/120*q**6 + 2/15*q**5 + 7/6*q**3 - 3*q**2 + 1/24*q**4 + 0*q. What are the prime factors of g(-7)?
7
Let x(g) = -52*g - 7. Let f be 24/42*(2 - -5). Let j(s) = -52*s - 6. Let n(o) = f*x(o) - 5*j(o). List the prime factors of n(1).
2, 3
Let q(l) = l**2 + 28*l + 15. Let t be q(-27). Let i(n) = 3*n**2 + 18*n + 41. What are the prime factors of i(t)?
257
Let a(h) = -2*h**2 + 2. Let x(f) = -3*f**2 + 4. Let n(p) = -5*a(p) + 3*x(p). List the prime factors of n(6).
2, 19
Let t(g) = -9*g**3 + 3*g**2 + 3*g + 1. Let c be t(3). Let j = c - -422. Suppose 4*r + 3*i - 293 = 0, -3*r - i + 0*i = -j. List the prime factors of r.
71
Let t be -104 + 12/3 + -3. Let h = 146 + t. List the prime factors of h.
43
Let j = -856 - -1477. List the prime factors of j.
3, 23
Let m(c) be the third derivative of c**6/120 - c**5/15 - c**4/6 - c**3/3 - 4*c**2. Let z be m(5). List the prime factors of ((-15)/9)/(z/(-99)).
5, 11
Let w(t) = -t + 13. Let j be w(9). Suppose 3*k - j*k - 4 = 0. Let p = k - -6. List the prime factors of p.
2
What are the prime factors of (-8 - 92/(-10))*(-6375)/(-5)?
2, 3, 5, 17
Let v = -2 - 0. Let c be (-102)/(-8) - v/8. Let n = c + -10. List the prime factors of n.
3
Suppose -4*f + 20 = 4*q, 2*q - 3 - 6 = -f. Let l = 24 + f. What are the prime factors of l?
5
Let w(v) = v**3 + 27*v**2 - 29*v - 35. Let f be w(-28). Let u(a) = -3*a + 0 + 5 - 3. What are the prime factors of u(f)?
23
Suppose 21*p = 23*p - 6. Let x(v) = 3*v**3 - 4*v**2 + v + 3. List the prime factors of x(p).
3, 17
Let n = -1058 + 2024. List the prime factors of n.
2, 3, 7, 23
Let i(t) = -5*t**3 + 10*t**2 + 14*t + 12. Let a(s) = 11*s**3 - 19*s**2 - 27*s - 23. Let m(h) = 4*a(h) + 9*i(h). What are the prime factors of m(15)?
61
Let r be 0 + 6/(-1 + 2). Suppose 2*w + 2*y - 98 = 0, -2*y - 1 = 3*w - 150. Suppose r*c - 3 - w = 0. What are the prime factors of c?
3
Suppose -4*m = -7 - 9. Suppose -288 = -m*s + s. Suppose 0*k - 4*k + s = 0. What are the prime factors of k?
2, 3
Suppose 4*a = -2*p + 10, 4*a - a = -3*p + 27. Let o = p + -2. List the prime factors of o.
11
Let w = -20 - -10. Let h = 23 + w. What are the prime factors of h?
13
Suppose 0 = -3*w + 2*w + o - 3, -4*o = -5*w - 12. Suppose 2*h = m + 3*m + 108, 3*m + 15 = w. List the prime factors of h.
2, 11
Let d(w) = w**2 - 12*w - 3. Let f be d(15). Suppose 203 = 5*s - f. List the prime factors of s.
7
Let o(m) be the first derivative of m**3/3 + m**2/2 - 9*m - 3. What are the prime factors of o(8)?
3, 7
Suppose 8*o - 11*o + 399 = 0. List the prime factors of o.
7, 19
Suppose 0 = -4*n + 382 + 58. Suppose -2*h + n + 51 = -3*o, -355 = -5*h - 2*o. List the prime factors of h.
73
Let x = 1073 + -394. What are the prime factors of x?
7, 97
Let h be (-6)/((-25)/(-9) - 3). Let a be (-804)/h + (-6)/27. Let p = a - -49. List the prime factors of p.
19
Let t(g) = g + 199. What are the prime factors of t(11)?
2, 3, 5, 7
Suppose -1187 = -2*q + 1993. List the prime factors of q.
2, 3, 5, 53
Let g = -871 - -605. Let r = g - -443. List the prime factors of r.
3, 59
Let s(n) = 17*n**2 - 5*n + 18. List the prime factors of s(4).
2, 3, 5
Suppose x = 2*v - 3, 0*v - 3*x = -4*v + 3. Let l be 70/v*6/4. Let g = 58 - l. What are the prime factors of g?
23
Let k = 25 + -21. Suppose 0 = -4*x + 4, -k*q - 13 = 5*x - 6. What are the prime factors of q/((-4)/(5 + -1))?
3
What are the prime factors of 2/(8/1261) - (-1)/(-4)?
3, 5, 7
Let h = 36 + 0. Let t = 50 - h. What are the prime factors of (106/(-2))/((-14)/t)?
53
Suppose -2*y - 2 = 2, 0 = 4*u + 3*y - 6. Suppose o + u*f = 19, f = 2*o - 0*f - 3. List the prime factors of o.
2
Suppose -5*h + 872 = -h. Suppose 4*s - 156 = k + 2*k, -5*s + h = 2*k. List the prime factors of s.
2, 3, 7
Suppose 3*g + 19 = 4*n + 1, -5*g = 5*n - 5. Let m be g/(-3)*(4 - -2). Suppose m*a - 9 + 1 = 0. List the prime factors of a.
2
Let a = 357 - 236. Let n = 173 - a. Suppose -3*t = -7*t - 16, 5*t = -3*o + n. What are the prime factors of o?
2, 3
Let d = -600 - -714. List the prime factors of d.
2, 3, 19
Let l(w) = 33*w**2 + 6*w - 1. Let a be l(2). Suppose -6*o + a + 19 = 0. What are the prime factors of o?
3
List the prime factors of ((-9)/(-24)*9518)/(141/188).
4759
Let w(j) be the second derivative of -7*j**3/6 - 3*j**2 - 8*j. What are the prime factors of w(-9)?
3, 19
Let n(z) = 8*z**2 - 32*z + 123. List the prime factors of n(18).
3, 23, 31
Let n = 28 + 4. Let j be (-4 - n/(-12))*-42. Suppose -a + 8 = -5*k - j, 3*k + 205 = 4*a. What are the prime factors of a?
7
Suppose f - 2*h - 16 = 0, f + f = 3*h + 34. Suppose 4*o = -f, 2*j + 1258 = 6*j + 2*o. List the prime factors of j.
317
Suppose 0 = -s - 200 + 214. Suppose -3*v - 62 = -26. Let n = s + v. List the prime factors of n.
2
Let c(y) = -2*y + 1. Let d = -2 - 3. List the prime factors of c(d).
11
Suppose 0 = 5*c - 5*t - 3 - 47, 50 = 5*c - 4*t. What are the prime factors of c/(-40) + 514/8?
2
Suppose -5*l - 5*a = -39 + 4, 3*l = 5*a + 61. Let u(q) = -q**2 + 8. Let g be u(0). Let y = l - g. List the prime factors of y.
2
Suppose 4*b = 3*b. Let v be (3 + b - 0) + -14. Let s = 2 - v. List the prime factors of s.
13
Let h be 20/(-35)*1106/(-4). Suppose -7*b + 5*b + h = 0. List the prime factors of b.
79
Let n(f) = 71*f - 21. Let m(g) = -70*g + 20. Let x(h) = 4*m(h) + 3*n(h). List the prime factors of x(-4).
3, 5, 19
Suppose u = -2*w + 8, -24 - 4 = -2*w + 4*u. Let m be -3 - -14*3/w. Suppose -2*b = 3*n - 64, 4*n + 112 = m*b + 2*n. List the prime factors of b.
29
Suppose 8*c - 18 = 2*c. Suppose 3*r + c*d - 798 = 0, -3*r + 5*d = -0*r - 790. List the prime factors of r.
5, 53
Suppose -3*g - 111*c + 6564 = -114*c, 5*g + 2*c - 10919 = 0. What are the prime factors of g?
5, 19, 23
Suppose -5*a = h - 21, -23 = -3*a - 2*a - 3*h. Suppose 2 = n, 5*n + 303 = a*b + 93. What are the prime factors of b?
5, 11
Let y(x) = -3*x + 0 + x**3 + 2 - 4 - 8*x**2 + 1. Let b be y(6). Let d = -59 - b. What are the prime factors of d?
2
Let h = 8302 + -4743. What are the prime factors of h?
3559
Let n(c) = 124*c - 4. Let l be -1 + 3 + 4 + -4. What are the prime factors of n(l)?
2, 61
Let h(n) = n + 2. Let q be h(-3). Let j be 45 + (6/3 - q). What are the prime factors of j + (-9)/(-3) - -4?
5, 11
Let z(q) = -q**2 - q + 4. Let b be z(0). Suppose -4*o - b*t + 108 = -2*t, -o - t + 25 = 0. List the prime factors of o.
29
Let l = 6 - 3. Let m(r) = 13*r**2 - 6 + 2*r**3 + 2*r + 3*r**2 - l*r**3. List the prime factors of m(16).
2, 13
Let k(z) = -2*z**2 + 14*z - 11. Let t be k(11). Let q = -68 - t. Suppose 3*i - 5 = q. What are the prime factors of i?
2, 3
Let q(l) = -6*l - 17. Let r be q(-7). Suppose -r = -6*o + o. Suppose -d = 2*s - 25, 2*d + 0*d - o = 5*s. What are the prime factors of d?
3, 5
Let v be (-6)/24*-4*2. Suppose -x + v*x = 5*o - 93, 4*o = 2*x + 72. Let m = -8 + o. List the prime factors of m.
11
Let c be (6/(-4))/((-30)/100). Suppose -h - 3*p - 6 = 0, 0*p + 2*p + 4 = c*h. Suppose h = -6*s + 182 + 106. List the prime factors of s.
2, 3
Let j = -57 - -61. Suppose -j*q + 140 = -h - h, -2*h = 5*q - 175. List the prime factors of q.
5, 7
Suppose -2*j + 4*v = 8*v - 2472, -5*j + 6150 = -5*v. What are the prime factors of j?
2, 7, 11
Suppose -j + 136 = 3*w, -3*j + 25 + 15 = w. List the prime factors of w.
2, 23
Suppose -88*p + 92*p = 964. List the prime factors of p.
241
Suppose 2*j - 2*c + 50 = 0, 3*c + 2*c + 165 = -5*j. Let s = 284 + j. What are the prime factors of s?
3, 5, 17
Suppose -b + 326 = -145. Suppose b = -5*d + 8*d. List the prime factors of d.
157
Sup